e factors of 44881566?
2, 3, 53, 113, 1249
What are the prime factors of 381341542?
2, 190670771
List the prime factors of 3432802005.
3, 5, 73, 163, 2137
List the prime factors of 297462357.
3, 33051373
What are the prime factors of 257029205?
5, 17, 41, 131, 563
List the prime factors of 11646165.
3, 5, 23, 33757
What are the prime factors of 1533205838?
2, 229, 733, 4567
List the prime factors of 46476758.
2, 23238379
What are the prime factors of 116826198?
2, 3, 883, 22051
What are the prime factors of 394547471?
127, 3106673
What are the prime factors of 303394357?
7, 23, 1884437
List the prime factors of 9933392.
2, 7, 31, 2861
List the prime factors of 2298132004.
2, 7, 19, 307, 14071
List the prime factors of 8069095.
5, 149, 10831
What are the prime factors of 7044838205?
5, 1408967641
List the prime factors of 1592275387.
1592275387
What are the prime factors of 44584005?
3, 5, 23, 129229
List the prime factors of 37472514.
2, 3, 137, 45587
What are the prime factors of 35232662?
2, 197, 223, 401
List the prime factors of 531051203.
531051203
List the prime factors of 183459431.
23, 37, 193, 1117
What are the prime factors of 377215375?
5, 41, 89, 827
What are the prime factors of 36356882?
2, 23, 353, 2239
What are the prime factors of 25459079?
1777, 14327
List the prime factors of 2722172855.
5, 17, 32025563
What are the prime factors of 1291304778?
2, 3, 23, 191, 48991
List the prime factors of 662296071.
3, 220765357
What are the prime factors of 18941761?
18941761
What are the prime factors of 29870694?
2, 3, 7, 53, 71
List the prime factors of 204683049.
3, 23, 31, 167, 191
What are the prime factors of 5791414220?
2, 5, 2267, 127733
What are the prime factors of 389543513?
389543513
What are the prime factors of 4749230929?
311, 1033, 14783
List the prime factors of 725637281.
23, 2039, 15473
List the prime factors of 436386063.
3, 3371, 43151
What are the prime factors of 44033707?
23, 1914509
What are the prime factors of 1243686814?
2, 113, 5503039
List the prime factors of 222828365.
5, 43, 1036411
List the prime factors of 323432816.
2, 7, 2887793
List the prime factors of 17334310.
2, 5, 7, 247633
List the prime factors of 42295972.
2, 101, 104693
What are the prime factors of 196983259?
11, 131, 223, 613
List the prime factors of 33420316.
2, 19, 53, 8297
What are the prime factors of 99780926?
2, 7, 73, 89, 1097
What are the prime factors of 483034180?
2, 5, 59, 409351
What are the prime factors of 887485959?
3, 37, 41, 65003
What are the prime factors of 2675378976?
2, 3, 27868531
List the prime factors of 221139657.
3, 24571073
What are the prime factors of 460006021?
460006021
List the prime factors of 1045004338.
2, 7, 113, 660559
What are the prime factors of 510440624?
2, 19, 59, 149, 191
What are the prime factors of 46709502?
2, 3, 7, 1112131
List the prime factors of 122916021.
3, 79, 659, 787
List the prime factors of 247446958.
2, 11, 11247589
List the prime factors of 222618096.
2, 3, 1545959
What are the prime factors of 427013712?
2, 3, 2965373
List the prime factors of 30637066.
2, 109, 313, 449
What are the prime factors of 282676362?
2, 3, 47112727
What are the prime factors of 104977193?
17, 6175129
What are the prime factors of 121998244?
2, 29, 1051709
What are the prime factors of 2344408980?
2, 3, 5, 39073483
What are the prime factors of 244288644?
2, 3, 2213, 9199
What are the prime factors of 6531170512?
2, 408198157
List the prime factors of 152881736.
2, 7, 23, 29, 4093
What are the prime factors of 351981024?
2, 3, 79, 46411
What are the prime factors of 118002014?
2, 13, 607, 7477
What are the prime factors of 171612190?
2, 5, 521, 32939
List the prime factors of 6370429142.
2, 7, 11, 17, 149, 2333
What are the prime factors of 443204789?
443204789
List the prime factors of 357784581.
3, 7, 11, 61, 25391
What are the prime factors of 4389205137?
3, 4523, 323473
What are the prime factors of 28172736?
2, 3, 59, 829
List the prime factors of 52388898.
2, 3, 41, 173, 1231
What are the prime factors of 589350500?
2, 5, 1178701
List the prime factors of 4636304992.
2, 11, 13171321
List the prime factors of 60694677.
3, 23, 32579
What are the prime factors of 478231970?
2, 5, 101, 473497
List the prime factors of 120931472.
2, 17, 26153
What are the prime factors of 44124923?
43, 73, 14057
List the prime factors of 1373464683.
3, 71, 431, 4987
What are the prime factors of 340595683?
340595683
List the prime factors of 1037989469.
11, 94362679
List the prime factors of 224340711.
3, 7, 1213, 8807
What are the prime factors of 222229078?
2, 193, 575723
What are the prime factors of 335746378?
2, 11, 19, 109, 7369
List the prime factors of 156129201.
3, 79, 2711
List the prime factors of 3112239518.
2, 29137, 53407
What are the prime factors of 4785020038?
2, 839, 2851621
List the prime factors of 699658503.
3, 103, 2264267
List the prime factors of 5256014472.
2, 3, 73000201
What are the prime factors of 1521781893?
3, 10039, 16843
List the prime factors of 435103444.
2, 283, 384367
What are the prime factors of 229379625?
3, 5, 41, 4973
List the prime factors of 329204400.
2, 3, 5, 7, 39191
What are the prime factors of 10799151?
3, 11, 327247
List the prime factors of 251413964.
2, 37, 89, 19087
What are the prime factors of 3119134103?
349, 1693, 5279
What are the prime factors of 163762487?
7, 41, 570601
List the prime factors of 639853748.
2, 6827, 23431
List the prime factors of 308600814.
2, 3, 151, 340619
What are the prime factors of 1450833?
3, 483611
List the prime factors of 2325215145.
3, 5, 11, 14092213
What are the prime factors of 1862684682?
2, 3, 53, 5857499
What are the prime factors of 63993017?
11, 37, 157231
What are the prime factors of 814683728?
2, 50917733
What are the prime factors of 93333438?
2, 3, 11, 157127
List the prime factors of 2454039231.
3, 7, 53, 2204887
List the prime factors of 1129967190.
2, 3, 5, 11, 1141381
What are the prime factors of 37410427?
3271, 11437
List the prime factors of 25331469.
3, 1871, 4513
What are the prime factors of 1551927173?
127, 1193, 10243
List the prime factors of 1122167653.
1122167653
What are the prime factors of 306813545?
5, 61362709
What are the prime factors of 186139610?
2, 5, 3041, 6121
List the prime factors of 60121717.
60121717
List the prime factors of 77315935.
5, 43, 8363
List the prime factors of 107128979.
163, 657233
List the prime factors of 138959978.
2, 103, 674563
What are the prime factors of 1562925233?
23, 31, 2281
What are the prime factors of 377461991?
377461991
What are the prime factors of 94043671?
94043671
List the prime factors of 3320103561.
3, 13513, 81899
List the prime factors of 190067804.
2, 47516951
What are the prime factors of 111693582?
2, 3, 7, 11, 13, 6199
What are the prime factors of 2898718460?
2, 5, 11, 13175993
List the prime factors of 1057978342.
2, 73, 7246427
What are the prime factors of 504170630?
2, 5, 1019, 49477
List the prime factors of 22451302.
2, 197, 56983
List the prime factors of 1382535015.
3, 5, 181, 509221
List the prime factors of 538740099.
3, 67, 297811
List the prime factors of 4183594247.
7, 597656321
List the prime factors of 33760667.
1553, 21739
List the prime factors of 897338192.
2, 23, 73, 33403
What are the prime factors of 1108080876?
2, 3, 7, 17, 83, 9349
What are the prime factors of 101801764?
2, 53, 433, 1109
List the prime factors of 980185329.
3, 47, 2317223
List the prime factors of 2656476464.
2, 166029779
What are the prime factors of 28444246?
2, 257, 55339
List the prime factors of 656647021.
41, 16015781
List the prime factors of 10190992.
2, 7, 19, 4789
What are the prime factors of 10229310?
2, 3, 5, 7, 13, 1249
What are the prime factors of 1480934314?
2, 740467157
List the prime factors of 35329961.
17, 43, 2843
What are the prime factors of 343678373?
199, 677, 2551
List the prime factors of 35046911.
17, 2061583
List the prime factors of 71679506.
2, 1933, 18541
What are the prime factors of 841936794?
2, 3, 463, 303073
What are the prime factors of 2805786?
2, 3, 223, 233
List the prime factors of 10134619.
11, 19, 48491
What are the prime factors of 112788983?
1303, 86561
List the prime factors of 1115478857.
487, 229051